er when 59 is divided by t?
11
Suppose 1630*a - 763*a - 49444 = 820*a. Calculate the remainder when a is divided by 265.
257
Suppose 15*q = 17*q - 104. Suppose 0 = -5*k - j + 6*j + 120, q = 3*k + 2*j. Let n = k - -39. Calculate the remainder when n is divided by 10.
9
Let n = 13876 - 13524. What is the remainder when n is divided by 68?
12
Let v = -368 + 370. Suppose -137 = -3*b - p, 5*b + p + v*p = 227. Calculate the remainder when 318 is divided by b.
42
Suppose h - 16 = -3*h, 0 = -s + h + 1. Suppose 3 + 2 = -s*p, 5*p = -4*n + 791. Calculate the remainder when n is divided by 51.
46
Let a be (-4 + 7)*3/((-12)/20). Let m(j) = -j**2 - 19*j - 17. What is the remainder when m(a) is divided by 12?
7
Let m(c) = -c**3 - 56*c**2 + 71*c + 821. Let t = -96 - -184. What is the remainder when t is divided by m(-57)?
19
Let s(b) = -5 - 5*b + b - b**3 - 5*b**2 - b - 2*b. Let m be s(-3). Let j(r) = -3*r**3 - 2*r**2 - r. What is the remainder when j(m) is divided by 6?
0
Suppose -5*u = -4*u - 20. Let c be ((-864)/90)/((-2)/10). What is the remainder when 9/(-24) + 2850/c is divided by u?
19
Suppose -3*x - 81 = h - 246, 0 = 5*x - h - 283. Calculate the remainder when 275 is divided by x.
51
Let p be 12/(-12) - (0 - 475). Suppose 470*w - p*w = -104. What is the remainder when w is divided by 4/(-12) - 43/(-3)?
12
Suppose b - 4*i = -3*i + 163, 0 = -3*b - i + 497. Suppose 4*s - s - b = 0. Let q = s + -46. What is the remainder when 16 is divided by q?
7
Suppose 90162*d + 126 = 90169*d. What is the remainder when 4749 is divided by d?
15
Let o(a) = 347*a - 7890. Calculate the remainder when o(37) is divided by 165.
164
What is the remainder when (-1)/((-4)/(36624/18316) + (-8)/(-4)) is divided by 6?
3
Suppose 37*g - 190 = 18*g. Suppose -55 = g*m - 15*m. What is the remainder when 516 is divided by m?
10
Suppose -13*n + 14*n + 1067 = 2*g, g = -2*n + 526. Calculate the remainder when g is divided by 257.
18
Suppose -389 + 739 = 14*x. What is the remainder when 1/3*-3 + (2 - -93) is divided by x?
19
Let f = -344 - 170. Let q = 546 + f. What is the remainder when 190 is divided by q?
30
Let o = 115 - 63. Suppose -364 = -13*b + o. Calculate the remainder when 125 is divided by b.
29
Let x(k) = k**3 - 39*k**2 - 160*k - 232. Calculate the remainder when 627 is divided by x(43).
59
Suppose 6 - 30 = -2*u. Suppose 20 = -u*p + 224. Suppose -p - 15 = -4*t. Calculate the remainder when 78 is divided by t.
6
Suppose -2*o + 16 = -52. Calculate the remainder when 5 - (15 - 12) - (-366 - (3 - 0)) is divided by o.
31
What is the remainder when 68 is divided by (-25 + (-11 - -32))/(4/(-37))?
31
Calculate the remainder when 4/(-16) - (-80068)/592 is divided by 33.
3
Let f(i) = 44*i + 114. Let m(p) = -14*p - 38. Let q(y) = -3*f(y) - 10*m(y). Calculate the remainder when q(13) is divided by 9.
7
Suppose 81*o - 52 = 68*o. Suppose -5*m - 6*h + 203 = -2*h, 2*h = -o*m + 160. Let w(p) = p**2 - 5*p - 2. What is the remainder when m is divided by w(6)?
3
Let t = -8828 + 8951. Calculate the remainder when 9470 is divided by t.
122
Let r be ((-15)/(-3))/(-5)*1. Let o be r*(2/4 + 0)*-26. Let m = 20 - o. What is the remainder when 33 is divided by m?
5
What is the remainder when 62/217 - (30316/(-28) + 4) is divided by 30?
29
Suppose -7184 = -12*k - 3*k - 944. Calculate the remainder when k is divided by 105.
101
Suppose 4*r + 69 = -3*p + 376, 5*p + 3*r - 508 = 0. Suppose b = 5*x + p, -367 - 222 = -5*b + 4*x. What is the remainder when b is divided by 25?
21
What is the remainder when 2194 is divided by 104/(-78)*15 - -83?
52
Let m be (-93)/(-6) + (3/(-6))/(-1). Let d(j) = 14*j - 204. Calculate the remainder when 69 is divided by d(m).
9
Let u = 492 + -485. Suppose 108 = u*j - 165. What is the remainder when 228 is divided by j?
33
Suppose 93 - 117 = -2*s - a, 2*s - 32 = 3*a. Calculate the remainder when 2695/15 - (-2)/(-3) is divided by s.
10
Suppose -g - 2853 = -5*m, -m - 573 = -2*m - g. Suppose 575 = 4*d + 3*p, -5*d + d + m = -p. Calculate the remainder when d is divided by 16.
15
Suppose 32*x + 8 = 34*x, -5*v + 4*x = -149. Suppose -245 - 7 = -2*k. What is the remainder when k is divided by v?
27
Let y(w) = w + 15. Suppose -10*d = -d + 108. Let c be y(d). Suppose -s = 4, 107 - 643 = -4*j + c*s. What is the remainder when j is divided by 33?
32
Suppose -24*j + 87*j + 82*j = 2320. What is the remainder when 4442 is divided by j?
10
Suppose 3*g + g - 2*j - 30 = 0, 0 = -5*g + 2*j + 38. Suppose 0 = -5*i - 2*m + 188, -70*i + 129 = -67*i - 15*m. What is the remainder when i is divided by g?
6
Let q(z) = 18*z + 14. Let j be q(3). Suppose j = 2*w - 2*p, 0 = -4*w - p + 2*p + 145. Calculate the remainder when w is divided by 13.
11
Suppose 2*o - 44 = -0*o. Let b(z) be the second derivative of 13*z**3/6 + 6*z**2 + 97*z. Calculate the remainder when b(5) is divided by o.
11
Suppose -74*g + 129*g = 73*g - 7488. What is the remainder when g is divided by 110?
86
What is the remainder when (-232)/(-3) + (-1 - -3)/(186/155) is divided by (6/10)/(4/260)?
1
What is the remainder when 512 is divided by (28/(-77))/(57/(-26961))?
168
Suppose 0 = -3021*i + 2890*i + 3930. What is the remainder when 219 is divided by i?
9
Suppose -3*j + 10 = -5. Suppose -a - 5*h = j, -4*h - 31 = -4*a + 21. What is the remainder when 55 is divided by a?
5
Suppose 20*d - 9240 = 25*d. What is the remainder when 166 is divided by (2/6)/(-8*11/d)?
5
Let p = 6 - -71. Let h be (136/(-16))/(2/4). Let g = 37 + h. Calculate the remainder when p is divided by g.
17
Let w be 6/12 + 1/2 + 2. Suppose 3*u - 9 = 3*c, -w*c - 2*c + 3*u - 5 = 0. Suppose c = -2*l + 6, -4*l = -g + 10. What is the remainder when 69 is divided by g?
15
Calculate the remainder when 865 + (-57 + 57 - (24/(-3) - -2)) is divided by 175.
171
Let v be 16/(-48) - (-88)/3. Let f = v - -1. Calculate the remainder when 177 is divided by f.
27
Suppose -47*x = -54*x + 1456. Let z = x + -155. Calculate the remainder when z is divided by 9.
8
Calculate the remainder when 3261 is divided by 27 + (-24)/(-8) + 2.
29
Let g(z) = z**3 + 6*z**2 - 19*z - 3. Let l be g(-10). Let k = 378 + l. Suppose 0 = 2*a + 6, 5*u + 8*a - 3*a = k. What is the remainder when 69 is divided by u?
33
Suppose 3778 = -55*m + 10543. Calculate the remainder when m is divided by 32.
27
Suppose -15*r - 2*q = -14*r - 26, -2*r + 7 = -5*q. Calculate the remainder when 46 is divided by r.
14
Let g = -482 - -1176. Let l(s) = -s**3 - 10*s**2 + 2*s - 240. What is the remainder when g is divided by l(-12)?
22
Suppose -15*g + 33*g + 35*g = 12826. What is the remainder when g is divided by 114?
14
Suppose 93*y - 95*y + 423 = 3*m, -4*y + m + 853 = 0. Calculate the remainder when y is divided by 4.
1
Suppose -2*g - 5*q = -76, g - 15*q + 20*q = 48. Suppose 5*z + n - 2232 = 2*n, -1788 = -4*z + 2*n. Calculate the remainder when z is divided by g.
26
Let t(j) = -6*j + 0 - 26 - 100 + 8*j + 15*j. Calculate the remainder when t(12) is divided by 9.
6
Calculate the remainder when (-1171898)/(-403) + (-28)/(-434) is divided by 127.
114
Let t(r) = r**2 - 7*r. Let z be t(7). Suppose z*o = 4*o - 540. Suppose x + 48 = 2*l + 3*x, -o = -5*l - 2*x. What is the remainder when 115 is divided by l?
28
Suppose -6*o = -220 - 236. Suppose 7*k - 391 = -o. Suppose -4*x + 7*x - 36 = 0. What is the remainder when k is divided by x?
9
Let n = 35 - -54. Calculate the remainder when 580 is divided by n.
46
Suppose -2309*p = -2312*p + 1209. Suppose 296*r = 294*r + 90. Calculate the remainder when p is divided by r.
43
Let z(u) = -u**3 + 39*u**2 - 97*u - 160. What is the remainder when 476 is divided by z(36)?
4
Let h(y) = 5*y**2 + 10*y - 7. Let g be h(-3). Suppose x + 329 = -5*i, -2*x - g + 0 = 0. Let o = 72 + i. Calculate the remainder when 40 is divided by o.
5
Let u(w) = 12*w**2 + 23*w - 23. Let i(s) = -12*s**2 - 25*s + 25. Let x(y) = 5*i(y) + 6*u(y). What is the remainder when x(3) is divided by 15?
14
Suppose 23*t + 606 = -291. Let m(h) = 2*h**2 + 9*h - 3. Calculate the remainder when m(6) is divided by (1 - 3)*(t/6 - 4).
18
Suppose 0 = 4*x + 683 + 69. Let g = x - -313. Calculate the remainder when g is divided by 9.
8
What is the remainder when ((-794)/(-4))/((-3)/2)*(-16 + 13) is divided by 74?
27
Let h = -4411 - -4843. Suppose 0 = 13*l - 9*l - 76.